e highest common divisor of 32 and p.
32
Let g = 29 - 21. Let m be (3/(6/(-32)))/(18/(-36)). What is the greatest common divisor of m and g?
8
Let l = -357 + 363. Calculate the greatest common divisor of l and 96.
6
Let j be (-3150)/(-100) + 9/(-6). Suppose u = 5*r - u - 44, 2*r = 2*u + 14. What is the greatest common divisor of r and j?
10
Let q be 1*76 - (36 - 30). Calculate the highest common divisor of 42 and q.
14
Suppose 2*s - 201 = -m - 25, 4*m - s = 740. What is the highest common divisor of 8 and m?
8
Let f = 934 - 924. Let q = 11 + -1. What is the greatest common divisor of q and f?
10
Suppose -r = -2*r + 6. Suppose -r = 2*k - 68. Calculate the greatest common factor of 31 and k.
31
Suppose 5*u + 5*a = 165, -3*u - 4*a + 17 = -80. Let k = -7 - -10. Suppose k*l - 8 = 7. Calculate the highest common factor of u and l.
5
Suppose 0 = 4*n + z - 133, -n + 3*n - z - 65 = 0. Let i be 9*2/6*-1. Let y be 15/i*198/(-15). Calculate the highest common factor of n and y.
33
Let b = 328 + -196. Calculate the greatest common factor of 12 and b.
12
Let a(f) = 5*f - 12. Let s be a(6). Let c be s/((-7)/((-14)/3)). What is the greatest common factor of c and 3?
3
Suppose 2*z - 22 = 48. Suppose -7*q = q + 312. Let g be ((-5)/5)/(-1 - q/42). Calculate the greatest common divisor of g and z.
7
Suppose -x + 7 = 1. Suppose 4*q - x - 6 = 0. Suppose -2*p - q*o = o - 464, 2*p - 479 = -o. Calculate the highest common divisor of p and 22.
22
Let d = -4 - -10. Suppose -5*t + 4*o + 55 = 0, 7*t + o - 44 = 3*t. Suppose t = r + 5. Calculate the highest common factor of d and r.
6
Suppose -2*f = -5*f + 4806. Suppose 0 = -8*c - 546 + f. Calculate the greatest common factor of 44 and c.
44
Let g(v) = -v**2 - 19*v + 20. Let x be g(-20). Suppose x = h + 4*h - 100. What is the highest common factor of 140 and h?
20
Let g(u) be the third derivative of u**5/60 + u**4/12 - u**3/2 + 16*u**2. Let f be g(-9). Calculate the greatest common divisor of 24 and f.
12
Let g be 1044/(-90) + (-2)/5. Let x be 3/18 - 46/g. Let q be (11/x)/((-21)/(-84)). Calculate the highest common factor of 99 and q.
11
Let c(u) = 97*u**3 - u**2 - u + 1. Let x be c(1). Suppose k - 4*k = -x. Calculate the greatest common factor of 160 and k.
32
Let q(a) = 30*a + 691. Let b be q(-22). What is the greatest common divisor of b and 496?
31
Suppose 60*c - 59*c = 4*i - 53, -5*c = 25. What is the highest common factor of 1572 and i?
12
Suppose -a - 5 = -16. Suppose 2*b - 2*r - 4 = 0, -b + 3*r + 10 = 4*b. Suppose -b = -2*u - 0. What is the highest common factor of a and u?
1
Let x(s) = -s**3 - 20*s**2 + 6*s - 219. Let n be x(-21). What is the greatest common factor of 1632 and n?
96
Suppose -2*d - 136 = -2*l + 2*d, 5*l + 3*d = 314. Let y be 39/(-9)*-1*3. Let w = y + -5. Calculate the greatest common factor of w and l.
8
Let y be (-374)/(-34) - 1*3*1. Let l be y + (-2 - -2)/((-8)/(-4)). What is the greatest common factor of 1 and l?
1
Let d be ((-14)/(-4))/((-3)/(-60)). Suppose 5*j - 30 - d = 0. Calculate the highest common divisor of 140 and j.
20
Let k(m) = 14*m**2 - 8*m + 6. Let s(a) = -a**3 + a**2 + a + 3. Let r be s(2). Let x be k(r). What is the greatest common divisor of x and 2?
2
Let r be 54/(-12)*4/3. Let k(q) = -q**2 - 5*q + 8. Let p be k(r). Let g be 10/4 - (-2)/(-4). What is the highest common factor of p and g?
2
Suppose -2*t = -13*t + 121. What is the greatest common divisor of 2 and t?
1
Suppose 39*r = 38*r + 78. Calculate the highest common factor of r and 6.
6
Let t(q) = 4*q + 6. Let u be t(-2). Let a be u/(-2 + 38/20). Let k be (-4)/a + 632/10. What is the highest common divisor of k and 7?
7
Let v = -7595 - -7672. Let z be (7/1)/(1/1). What is the highest common divisor of v and z?
7
Suppose -2*r + 4*m = -46, -5*r + 46 = 2*m - 21. Suppose -r*x + 4 = -11*x. What is the highest common factor of x and 3?
1
Let l be (-9)/(-15) - (-282)/30. Let q(m) = -89*m + 1. Let p be q(-1). What is the greatest common divisor of p and l?
10
Let h(i) = -i**3 + 12*i**2 - 3*i. Let c be h(6). Let v = 78 + -168. Let s be 1 - v/5 - -3. What is the highest common factor of s and c?
22
Let i(y) = 2*y**2 + 12*y + 33. Let z be i(-3). What is the greatest common divisor of z and 35?
5
Let a(s) = s**3 + 5*s**2 - s - 3. Let r be a(-5). Suppose 5*o = 5, -85 = 4*j - r*o + 41. Let i = j + 71. What is the highest common divisor of i and 16?
8
Let o = -5 + 1. Let t = -52 + 51. Let k = t - o. Calculate the highest common divisor of k and 3.
3
Let c(i) = -5*i + 24. Let s be c(4). Calculate the greatest common factor of s and 9.
1
Suppose -142 = 4*a - 6*a - h, -5*a - 3*h = -354. Calculate the highest common factor of a and 18.
18
Let w(t) = -t**2 - 6*t + 22. Let h be w(-8). Suppose h = 5*i - 2*i. Suppose 1 = 2*z - 1. Calculate the highest common divisor of i and z.
1
Suppose 3*h - 12 = -0. Let j = h + -6. Let v be (72/32)/(j/(-56)). What is the highest common divisor of v and 9?
9
Let m be 1 - (-41 - (-6)/3). Let v(k) = 3*k + 54. Let o be v(-23). Let g = o - -31. What is the greatest common factor of m and g?
8
Let z(b) = -5*b + 595. Let k be z(28). What is the greatest common factor of k and 35?
35
Let g be -1 + 4 + -2 + 37. What is the highest common factor of g and 57?
19
Let z be 12*(-2)/(-15)*5. Let d be 8/3*12/z. Suppose 0 = 3*w - 0*w - 108. What is the greatest common divisor of d and w?
4
Let d be (1 + -2)/(2/(-16)). Let k = -1692 + 1700. Calculate the greatest common divisor of k and d.
8
Suppose -r = 2, 0 = -7*d + 9*d + r - 40. Calculate the highest common divisor of d and 12.
3
Let a be 964/14 - -2*8/112. What is the highest common factor of 12 and a?
3
Let d(c) = -22 - 15*c - 18*c**2 + 6 + 17*c**2. Let v be d(-9). Calculate the highest common factor of 380 and v.
38
Let f(k) = k + 91. Let m be f(0). Let z(x) = 3*x**2 + 1 - x**2 + 7*x + 14*x - 23*x. Let n be z(-2). What is the highest common divisor of n and m?
13
Suppose -2*p = -5*r - 59, 5*p + 6*r - r = 235. Let c = p - 22. Calculate the greatest common factor of c and 10.
10
Let s be 759 - (-24)/(-48)*(-1 + 1). What is the highest common factor of 33 and s?
33
Let w(y) = y + 15. Let s(k) = -k**2 + k - 16. Let v be s(0). Let f be w(v). Let d be -42*(f + (-14)/4). What is the highest common factor of d and 27?
27
Let y(h) = 3*h**3 + 2*h**2 - 4*h + 1. Suppose t - 8 = -5. Let s be y(t). What is the greatest common divisor of s and 11?
11
Let k(h) = -h**3 + 14*h**2 + 40*h - 20. Let j be k(15). Calculate the highest common divisor of 142 and j.
71
Suppose -3*v + 26 = -4*d, -4*v + 0*v + 76 = 5*d. What is the greatest common divisor of 21 and v?
7
Let k(d) = -d**3 - 2*d**2 - 2*d + 20. Let p be k(0). Let u = 24 - p. What is the highest common factor of 28 and u?
4
Let w(q) = q**3 + 3*q**2 + 3*q - 2. Let f be w(-3). Let s be f/(33/(-306)) + -2. Calculate the highest common divisor of 20 and s.
20
Suppose -56*p + 156 + 124 = 0. Let b be (-5)/((-14)/(-5) - 3). What is the greatest common factor of b and p?
5
Suppose 8*d = 7*d + 48. Let j(m) = 7*m**3 - m**2 - m + 1. Let o be j(1). What is the highest common factor of d and o?
6
Let q(x) = x + 21. Let m be q(-18). Suppose -n + m*u - 2 = -7, 5*n = 4*u + 47. Calculate the highest common factor of n and 55.
11
Let w be 2/1 - (12 - 1261). Suppose -5*k = -3*i - w, k + 73 = 3*i + 316. Suppose 0 = -t + 4*t - k. Calculate the highest common divisor of t and 28.
28
Let o = -263 - -67. Let p = 77 - o. What is the highest common factor of 39 and p?
39
Let c(o) = 11*o - 13. Let b = 24 - 20. Let x be c(b). Calculate the highest common factor of 93 and x.
31
Let n(o) = -o**3 + 4*o**2 - 2*o + 1. Let v be n(4). Suppose -3*c + 20 = -2*c. Let z = v + c. Calculate the highest common factor of 117 and z.
13
Suppose 0 = -s + 13 - 19. Let v be (-1)/5 + (-48)/(-15). Let u be v/s + (-26)/(-4). What is the greatest common factor of u and 66?
6
Suppose 345 = n + 114*n. What is the greatest common factor of n and 243?
3
Let t(o) = -51*o**3 - 2*o**2 - 7*o - 6. Let m be t(-2). What is the greatest common divisor of 24 and m?
24
Let y = -37 + 57. Let d(o) = -o**2 + 20*o + 27. Let a be d(y). What is the highest common divisor of 9 and a?
9
Suppose -3*n = -2*k - 97, 6*n + 4*k - 125 = n. Let q = 41 - n. Calculate the highest common divisor of q and 30.
6
Let g(d